*3/3 - s**2/2 - 2. What is the remainder when a(-1) is divided by 11?
8
Suppose 6*s = 4*s + 6. What is the remainder when 13 is divided by s?
1
Let z(w) = 2*w**2 + 9*w + 10. What is the remainder when z(-9) is divided by 23?
22
Suppose -3*t + 4 = 70. Let s = -12 - t. Calculate the remainder when 0 + 0 + 1*18 is divided by s.
8
Let r(a) = 86*a + 3. Calculate the remainder when r(1) is divided by 18.
17
Suppose 0 = -3*k + 4*k - 53. Calculate the remainder when k is divided by 14.
11
Let c be ((-18)/(-8))/(6/16). Let r(x) = x**3 - 5*x**2 - 4*x + 9. Let v(j) = j**2 + 4*j - 1. What is the remainder when r(c) is divided by v(-6)?
10
Suppose -2*g - 3*g - 23 = 4*v, -49 = 2*v - 5*g. Let x = -10 - v. What is the remainder when 6 is divided by x?
0
Calculate the remainder when 0 - -52 - (-4 - -1) is divided by 14.
13
Let t be (-1 + 2 + 1)*2. Let c = 21 - t. What is the remainder when 48 is divided by c?
14
Let n(l) = -89*l**2 + 3*l - 3. Let y(k) = 133*k**2 - 4*k + 4. Let q(f) = 7*n(f) + 5*y(f). Calculate the remainder when q(1) is divided by 11.
9
Suppose 3*g - 50 = 34. Suppose -8 = -3*w - 2, -2*w - g = -4*t. What is the remainder when 31 is divided by t?
7
Suppose -4*c - 5*w = -37, c + 2*w = -2*c + 26. What is the remainder when (-3)/12 + 186/8 is divided by c?
7
Let z(h) = -4*h - 11. Calculate the remainder when 33 is divided by z(-5).
6
Let i(n) = 14*n + 1. Calculate the remainder when i(3) is divided by 228/15 + (-1)/5.
13
Let m(o) = -o**3 - 5*o**2 - 4*o + 4. Suppose -3*z = 11*z - 210. Calculate the remainder when z is divided by m(-4).
3
Suppose 0 = 3*t - 369 - 69. Calculate the remainder when t is divided by 37.
35
Suppose 0 = z - 2*h - 88, -5*z + 0*h = -2*h - 400. Suppose 0*n - 2*n = -z. What is the remainder when n is divided by 14?
11
Let r = -2 + 4. Let c = 1 + r. Suppose -1 + 37 = c*k. Calculate the remainder when 34 is divided by k.
10
Let q(c) = -c**3 - 15*c**2 - 15*c - 4. Let p be q(-14). Let f = 15 - p. Calculate the remainder when 23 is divided by f.
3
Let j(a) = 18*a**3 - a**2 - 3*a + 5. What is the remainder when j(2) is divided by 14?
13
Suppose -3 = -0*k - 3*k. Calculate the remainder when (0 + k)*-1 + 62 is divided by (-6)/2*(1 - 8).
19
Suppose -64 = -4*t - 4*k, 4*t + t - 3*k - 56 = 0. Suppose -2*g + 75 = g + 3*p, g - 4*p = 15. What is the remainder when g is divided by t?
10
Suppose -5 = 4*p + p. What is the remainder when (-9)/(-12) + 13/4 is divided by 1/1 - p/1?
0
What is the remainder when 14*(0 + (-6)/(-4)) is divided by 8?
5
Suppose 5*v - 230 + 820 = 0. What is the remainder when (-8)/12 - v/6 is divided by 11?
8
Suppose -4*i = -12 - 68. Suppose -2*u + 42 = 4*h, 43 = 4*h - 3*u + 4*u. What is the remainder when i is divided by h?
9
Let u(x) = -x - 2. Let k be u(-2). Calculate the remainder when k/2 - (12 - 30) is divided by 5.
3
Let d = 2 - -2. Suppose 5*o + 0*o + 75 = d*u, -4*u + o + 63 = 0. What is the remainder when 708/16 + 2/(-8) is divided by u?
14
Let g(d) = 10*d - 33. What is the remainder when 92 is divided by g(8)?
45
Let r = -3 + 16. What is the remainder when 60 is divided by r?
8
Calculate the remainder when 92 is divided by (-42)/(-10) + (-36)/(-45).
2
Let d(p) = -p**2 + 6*p. Let l be d(6). Let i = -19 + 47. Suppose l = 2*w - i + 4. What is the remainder when 22 is divided by w?
10
Let n be 6 + -6 + (-1 - -4). Suppose n*v = 4*u + 9, v - u - 10 = -2*u. Calculate the remainder when 20 is divided by v.
6
Let w(v) = v + 7. Let x be w(-3). Suppose -15 - 21 = -x*k. Calculate the remainder when 25 is divided by k.
7
Let r be (-1)/(3/2 + -2). Suppose 0 = -r*d + 5*d - 15. What is the remainder when 14 is divided by d?
4
Suppose 4*m - 9*m + 420 = 0. Suppose -5*a = -a - m. Calculate the remainder when 60 is divided by a.
18
Let b(v) = -v**2 + 8*v - 5. Let l be b(9). Let f = 15 + l. Let t(c) = c**3 - 2*c**2 - 4*c + 4. Calculate the remainder when f is divided by t(3).
0
Let h = 1 + 13. What is the remainder when 27 is divided by h?
13
Suppose -5*c = -24 - 6. Calculate the remainder when 47 is divided by c.
5
Let d be (-1)/2 + 62/(-4). Let s = d - -32. What is the remainder when 30 is divided by s?
14
Let l = -159 + 228. Suppose 4*s + l = 7*s. Calculate the remainder when s is divided by 12.
11
Suppose 3*z + 2*m - 6 = 0, 2*z + 2*z - 31 = 5*m. What is the remainder when z is divided by 3?
1
Let w(s) = 7*s - 11. Calculate the remainder when w(7) is divided by 6.
2
Let o = 159 + -144. Calculate the remainder when o is divided by 12.
3
Suppose -2*o - 5*v - 183 = -522, -2*o = 3*v - 337. What is the remainder when o is divided by 42?
41
Suppose 5 = 5*i - 5. Suppose -2*m + 4*o = -26, i*m + 0*o - 3*o = 28. Calculate the remainder when 32 is divided by m.
15
Let y be 3/((-6)/(-196)) + -1. Suppose y - 37 = 5*w. What is the remainder when (198/12)/(-3)*(-3 - 1) is divided by w?
10
Suppose -33 = -4*s - 1. Suppose m + 16 + 0 = 2*t, 2*m - s = -t. Suppose -3*h = -q - 46, 3*h - 26 = -2*q - 2*q. Calculate the remainder when h is divided by t.
6
Suppose g - 6*q - 26 = -q, -4*q = 12. What is the remainder when 43 is divided by g?
10
Suppose -3*a + 38 = a - 2*w, -3*a + 32 = -5*w. What is the remainder when 26 is divided by a?
8
Suppose -33 = -4*v + 63. What is the remainder when v is divided by 5?
4
Suppose -5*k - 95 = -10*k. Suppose 9*h - 4*h = -40. Let p = 15 + h. What is the remainder when k is divided by p?
5
Let t = 123 - 88. Let r = 9 - -3. Calculate the remainder when t is divided by r.
11
Let u = -5 - -8. Suppose 4*t - 5*r - 4 + 6 = 0, -3*t = 3*r - 12. Suppose -14 = -v - 2*z, -3*z + 16 = u*v - t*v. What is the remainder when v is divided by 4?
2
Suppose -k + 3*k - 42 = 0. Calculate the remainder when k is divided by (2 + 1 - 9)/(8/(-16)).
9
Suppose -6*x + 38 + 196 = 0. Calculate the remainder when x is divided by 10.
9
Let d = 161 - 112. Let p = 53 + -27. Calculate the remainder when d is divided by p.
23
Suppose a = -0*a - 5*y + 7, 4*y - 4 = 0. Calculate the remainder when 14 is divided by a.
0
Suppose 23 - 8 = 3*l. What is the remainder when 9 is divided by l?
4
Suppose 5*z = -2*n + 162 + 59, 0 = 2*z + 3*n - 95. What is the remainder when z is divided by 9?
7
Let x = 75 - 19. Let l = 44 - 25. What is the remainder when x is divided by l?
18
Let t(u) = 2*u + 1. Suppose -2*j - 15 = -7*j. Suppose 0 = -3*m + 129 - 54. Calculate the remainder when m is divided by t(j).
4
Let u(y) = -y**3 + 12*y**2 + 12*y + 9. Let n be u(13). Let f = 14 + n. Calculate the remainder when f is divided by 3.
1
Let f be 4 + (2 - 0 - 2). Suppose h + f*h - 130 = 0. What is the remainder when h is divided by 7?
5
What is the remainder when (-370)/(-30)*6/2 is divided by ((-4)/(-6))/((-2)/(-39))?
11
Let p(z) = -z - 1. Calculate the remainder when p(-7) is divided by 4.
2
Suppose -r + 80 = 4*r. Suppose r = 3*b + 4*h - 5, 0 = -2*h. What is the remainder when 13 is divided by b?
6
Let k(b) = -5*b**3 + 2*b**2 + b. Let z(x) = 3*x - 11. What is the remainder when z(9) is divided by k(-1)?
4
Suppose -6*s = -2*s - 188. Suppose -u - 2 + 55 = 4*q, s = 4*q - 5*u. Calculate the remainder when q is divided by 8.
5
Let z(n) = -n**3 - 15*n**2 - 5. Let i be z(-15). Calculate the remainder when (-6)/10 + (-78)/i is divided by 6.
3
Let a = 7 - 4. Let b = -3 + a. Suppose p - 2*p + 11 = b. What is the remainder when 20 is divided by p?
9
Let y(m) = m**2 + 2*m - 2. Let j be -6 + (-1 - (-1 - 0)). Let t(q) = -q + 1. Calculate the remainder when y(3) is divided by t(j).
6
Let w(a) = 2*a + 12. Let q be w(10). Suppose -g = 3*g - q. Calculate the remainder when 13 is divided by g.
5
Suppose 0 = -2*v + 20. What is the remainder when 28 is divided by v?
8
What is the remainder when 116 is divided by (-37 - -39) + (-2)/4*-22?
12
Let c(k) = 94*k**2 + k. What is the remainder when c(1) is divided by 32?
31
Let q = 80 - 56. What is the remainder when 45 is divided by q?
21
Let m(o) = 20*o + 1 - 12*o - 12*o. Calculate the remainder when 83 is divided by m(-5).
20
Let q(l) = 8*l**2 + 12*l + 38. What is the remainder when q(-5) is divided by 15?
13
Let c(o) = 9*o - 8. Calculate the remainder when 74 is divided by c(3).
17
Calculate the remainder when (6/4 + -1)/(24/144) is divided by 1.
0
Suppose 5*w - 119 = -4*d, -91 - 21 = -4*w + d. What is the remainder when 105 is divided by w?
24
Suppose c = 